ulate the highest common factor of 576 and 21447.
9
What is the greatest common divisor of 67564 and 2540?
508
Calculate the highest common divisor of 8772 and 10320.
516
Calculate the highest common divisor of 537 and 3196403.
179
What is the greatest common factor of 72 and 286164?
36
Calculate the highest common divisor of 16 and 9296.
16
Calculate the greatest common factor of 155260 and 105.
35
What is the highest common factor of 33672 and 2440?
488
Calculate the greatest common divisor of 236 and 78116.
236
What is the highest common factor of 1302 and 28770?
42
What is the greatest common factor of 224345 and 55?
55
Calculate the highest common factor of 393 and 384.
3
What is the highest common factor of 9338 and 47357?
667
What is the greatest common divisor of 721 and 658?
7
Calculate the highest common divisor of 2185753 and 1041.
347
Calculate the highest common factor of 1512121 and 533.
533
Calculate the greatest common divisor of 112 and 138152.
56
Calculate the highest common divisor of 183 and 483913.
61
What is the greatest common factor of 266 and 314944?
266
Calculate the greatest common divisor of 51120 and 200.
40
What is the highest common factor of 367995 and 135?
15
What is the greatest common divisor of 20000745 and 15?
15
Calculate the greatest common factor of 10 and 2743490.
10
What is the highest common divisor of 16489 and 88?
11
What is the greatest common divisor of 192 and 545856?
192
Calculate the highest common divisor of 1800 and 1152.
72
Calculate the greatest common divisor of 1284377 and 291.
97
Calculate the highest common factor of 70440 and 2040.
120
Calculate the highest common divisor of 18702 and 12.
6
What is the greatest common factor of 3600 and 67600?
400
Calculate the greatest common factor of 74424 and 56.
56
What is the highest common divisor of 334782 and 378?
126
What is the greatest common factor of 11520 and 630?
90
Calculate the highest common divisor of 480 and 5295.
15
What is the greatest common divisor of 63438 and 13080?
654
Calculate the greatest common factor of 3795 and 4002.
69
Calculate the greatest common divisor of 661997 and 238.
119
Calculate the highest common divisor of 5240 and 1260.
20
Calculate the highest common factor of 4321 and 5336.
29
Calculate the highest common factor of 248 and 399404.
124
Calculate the greatest common divisor of 580 and 926956.
116
What is the greatest common factor of 5 and 84630?
5
What is the highest common divisor of 849 and 283?
283
What is the highest common factor of 81600 and 1272?
24
Calculate the highest common divisor of 360 and 43386.
6
What is the highest common divisor of 773613 and 387?
387
What is the highest common factor of 3330 and 2034?
18
Calculate the greatest common divisor of 80 and 259090.
10
Calculate the highest common divisor of 7964 and 12851.
181
What is the greatest common divisor of 11740 and 1711692?
2348
Calculate the highest common factor of 8 and 17660.
4
What is the greatest common divisor of 246 and 36531?
123
Calculate the greatest common factor of 1466234 and 1232.
154
Calculate the highest common factor of 7095 and 36550.
215
Calculate the greatest common factor of 490 and 12642.
98
Calculate the greatest common factor of 24 and 315636.
12
Calculate the greatest common factor of 1026834 and 255.
51
What is the highest common divisor of 4980 and 1720?
20
Calculate the greatest common factor of 307104 and 378.
42
Calculate the highest common factor of 57354 and 5082.
726
What is the greatest common divisor of 522 and 78271?
29
What is the highest common divisor of 1767 and 6696?
93
Calculate the highest common divisor of 175 and 45990.
35
Calculate the greatest common divisor of 2 and 216.
2
Calculate the greatest common factor of 554435 and 3255.
1085
Calculate the highest common factor of 1368 and 4824.
72
Calculate the highest common divisor of 940 and 12455.
235
Calculate the greatest common factor of 1976 and 652574.
494
What is the highest common divisor of 81074 and 322?
14
What is the highest common divisor of 20100 and 45?
15
What is the highest common divisor of 4986 and 4602?
6
What is the highest common divisor of 390 and 3435?
15
What is the greatest common factor of 15099 and 42?
21
What is the highest common factor of 7424 and 51388?
116
What is the highest common factor of 40 and 17540?
20
What is the highest common divisor of 2006666 and 38?
38
Calculate the greatest common factor of 1281210 and 420.
210
Calculate the greatest common divisor of 1549058 and 112.
14
What is the highest common factor of 2464 and 863104?
352
What is the highest common factor of 880 and 34380?
20
What is the highest common divisor of 592 and 185?
37
Calculate the greatest common factor of 485518 and 261.
29
What is the greatest common factor of 16739 and 38?
19
Calculate the highest common factor of 24270 and 75.
15
What is the greatest common factor of 338 and 563732?
26
Calculate the greatest common divisor of 66 and 382206.
66
What is the greatest common factor of 268210 and 90?
10
Calculate the greatest common factor of 187875 and 250.
125
What is the greatest common factor of 360 and 9820?
20
Calculate the greatest common divisor of 136806 and 3926.
302
What is the highest common factor of 68140 and 20?
20
Calculate the greatest common factor of 25 and 189985.
5
Calculate the greatest common factor of 434834 and 38.
38
Calculate the greatest common divisor of 16940 and 693.
77
Calculate the highest common factor of 2674 and 10654.
14
Calculate the greatest common factor of 2850 and 656925.
1425
Calculate the highest common factor of 21783552 and 24.
24
What is the greatest common divisor of 15875 and 1016?
127
Calculate the highest common divisor of 3097 and 3749.
163
Calculate the highest common divisor of 4 and 3831.
1
What is the greatest common divisor of 126309 and 426?
213
What is the highest common factor of 9945 and 2873?
221
What is the greatest common factor of 386 and 90131?
193
What is the highest common divisor of 20711 and 40975?
149
What is the highest common factor of 169 and 27859?
13
What is the highest common divisor of 523270 and 71?
71
Calculate the highest common factor of 1114265 and 170.
85
What is the greatest common divisor of 152404 and 112?
28
Calculate the highest common factor of 1249801 and 399.
133
Calculate the greatest common factor of 48 and 1803408.
48
What is the greatest common factor of 4947 and 986?
17
What is the highest common divisor of 64 and 1040?
16
What is the greatest common divisor of 775 and 208475?
775
Calculate the highest common factor of 143 and 15262.
13
Calculate the highest common divisor of 126044 and 4.
4
What is the highest common factor of 80 and 763940?
20
What is the highest common divisor of 888 and 11322?
222
What is the greatest common divisor of 917 and 5957?
7
Calculate the greatest common divisor of 33576 and 120.
24
What is the highest common factor of 154057 and 6?
1
Calculate the highest common divisor of 13785 and 16935.
15
Calculate the highest common factor of 320 and 91360.
160
What is the greatest common factor of 276074 and 11142?
1238
What is the highest common divisor of 192 and 56320?
64
What is the greatest common divisor of 2737 and 368?
23
Calculate the highest common factor of 4690 and 737.
67
What is the greatest common factor of 1250 and 25500?
250
Calculate the greatest common divisor of 203137 and 10384.
649
What is the greatest common divisor of 747 and 4356006?
249
What is the highest common factor of 3 and 1321647?
3
What is the highest common divisor of 5 and 50965?
5
Calculate the greatest common factor of 6069 and 85.
17
What is the greatest common divisor of 4269161 and 13?
13
Calculate the highest common divisor of 21527 and 836.
209
What is the greatest common divisor of 45839 and 69?
23
What is the highest common factor of 831 and 2406853?
277
Calculate the highest common divisor of 175559 and 437.
23
Calculate the highest common divisor of 185436 and 540.
108
What is the greatest common factor of 15007 and 2792?
349
What is the highest common factor of 4500 and 3169500?
1500
What is the highest common factor of 366305 and 915?
305
Calculate the highest common divisor of 15969 and 132.
3
What is the 